01 - -10100101010?
1110011101
In base 3, what is 1102112111222002 + -1?
1102112111222001
In base 10, what is 2330 + -873?
1457
In base 2, what is 101011011101011010010000 + 10?
101011011101011010010010
In base 16, what is -10 - -284271d?
284270d
In base 2, what is -10 - -1010000110011101010011?
1010000110011101010001
In base 10, what is -3047 + 2145?
-902
In base 10, what is -1104859 - 7?
-1104866
In base 8, what is -255 - 634152?
-634427
In base 8, what is -12 + 33545235?
33545223
In base 4, what is 330131010012 + -10?
330131010002
In base 2, what is 11110001100 - -1011001000110?
1110111010010
In base 8, what is -162077 - 3015?
-165114
In base 8, what is 2311777 + -162?
2311615
In base 12, what is 3 + 6711b7?
6711ba
In base 14, what is -3 - -1a9b034?
1a9b031
In base 14, what is -2 + -24c4d34?
-24c4d36
In base 14, what is 221 - 6dcbb?
-6da9a
In base 16, what is -6b6 - 481e2?
-48898
In base 6, what is 20333 - -4001304?
4022041
In base 4, what is 111031233 + -3320?
111021313
In base 8, what is -14534 + -2362?
-17116
In base 2, what is 1001001010 - -11111101111100?
100000111000110
In base 6, what is -34342 + 1325240?
1250454
In base 4, what is -203023 + 223301?
20212
In base 13, what is 22 - 14b2b?
-14b09
In base 3, what is -1100020010111 - 1112002?
-1100021122120
In base 10, what is 39028010 - -12?
39028022
In base 11, what is 79 + -1727a?
-17201
In base 9, what is -22226133 - 12?
-22226145
In base 16, what is -ce6 + -aa?
-d90
In base 6, what is -1451005512 + 2?
-1451005510
In base 5, what is 13321 - 1002101?
-433230
In base 10, what is -221 + -37537?
-37758
In base 5, what is -42 + -22014011?
-22014103
In base 13, what is a041c2 - 21?
a041a1
In base 8, what is 1620 + 64212?
66032
In base 15, what is 2038d47 - 3?
2038d44
In base 10, what is -21266461 + 2?
-21266459
In base 2, what is -100100101001100110111001100 + -1?
-100100101001100110111001101
In base 6, what is 4431 - 30124421?
-30115550
In base 11, what is -510970 + 75?
-5108a6
In base 3, what is 210101212 - -200222?
211002211
In base 10, what is -64685 + 6287?
-58398
In base 15, what is 61594 + 5?
61599
In base 14, what is -5 - 44068?
-4406d
In base 6, what is -2130 - -42023?
35453
In base 2, what is 10000101 - 10110100010111?
-10110010010010
In base 2, what is 110101111011001011001 + -100?
110101111011001010101
In base 11, what is 417058 - -378?
417425
In base 12, what is ab + 69b?
78a
In base 8, what is -2 - 45366103?
-45366105
In base 16, what is -26fb + -111b?
-3816
In base 8, what is 4 - -317133401?
317133405
In base 7, what is 66646 + -40554?
26062
In base 7, what is -5 + 10356324165?
10356324160
In base 15, what is -1 - -3d311dd?
3d311dc
In base 8, what is 163 - 6570711?
-6570526
In base 14, what is 2c96 + 1a9a?
4952
In base 2, what is -10100100010110001110 + -111001?
-10100100010111000111
In base 7, what is 3434054 + 16?
3434103
In base 12, what is 1 - 8974847?
-8974846
In base 4, what is 122311120000 + 1?
122311120001
In base 12, what is -6 - 37612aa2?
-37612aa8
In base 3, what is 121202211010 - -2022?
121202220102
In base 9, what is -61 - 453505?
-453566
In base 6, what is -12410033330 + -2?
-12410033332
In base 8, what is 216550531 - -11?
216550542
In base 13, what is 6 - 2499b402?
-2499b3c9
In base 6, what is -1 + 13103325?
13103324
In base 14, what is -2a3b43 - 54?
-2a3b97
In base 12, what is 5310a - -53?
53161
In base 6, what is -5 - -5104045525?
5104045520
In base 7, what is 1120 - 300603?
-266453
In base 14, what is 23aa8b - -29b?
23ad48
In base 7, what is -10255426 + -15?
-10255444
In base 12, what is -45a + 26189?
2592b
In base 12, what is -285 + -250a?
-2793
In base 11, what is -4 - 29a9343?
-29a9347
In base 8, what is -633 + 3256?
2423
In base 13, what is 565 + -3ac75?
-3a710
In base 14, what is 4d6a28 - -4?
4d6a2c
In base 9, what is -404814 + 1311?
-403503
In base 14, what is -213 - -2833?
2620
In base 11, what is 4a9a4 + -7664?
43340
In base 3, what is 100021000001 + 202?
100021000210
In base 5, what is 24331203 + 3330?
24340033
In base 7, what is 15333 + -5653?
6350
In base 13, what is 74531 - 12?
7451c
In base 12, what is 5 + 305633?
305638
In base 16, what is -b - 9416ee?
-9416f9
In base 7, what is 61226 - -202?
61431
In base 2, what is -110001 - 10110101010?
-10111011011
In base 5, what is 1 - -1212242121?
1212242122
In base 8, what is -27 - 1145556?
-1145605
In base 6, what is -453345 - -33?
-453312
In base 15, what is -9c9 + ad2?
108
In base 6, what is 5142 + 313030?
322212
In base 14, what is -21dd09b + 4?
-21dd097
In base 13, what is -27b9 + 5024?
2538
In base 13, what is a6b0 + -17b2?
8bcb
In base 16, what is -c6753 - f?
-c6762
In base 13, what is -368563aa + -2?
-368563ac
In base 3, what is -112010121102211 + 200?
-112010121102011
In base 3, what is 21200200121011 - 0?
21200200121011
In base 2, what is -10101110011010 - -11010010011000?
100011111110
In base 15, what is 2 + -5e21dc?
-5e21da
In base 3, what is -1220 + -10201010220102?
-10201010222022
In base 9, what is 10 + -53838627?
-53838617
In base 5, what is 233240230 - -100?
233240330
In base 5, what is -10 - 22010440140?
-22010440200
In base 5, what is 2111100 - 1244?
2104301
In base 9, what is 516230157 - -1?
516230158
In base 10, what is 1343332 + 29?
1343361
In base 8, what is 5 + -7273715?
-7273710
In base 12, what is 2a1387 + 0?
2a1387
In base 4, what is 11 + 2112113201022?
2112113201033
In base 14, what is 1a281592 + 5?
1a281597
In base 9, what is -20612 + 3341?
-16261
In base 7, what is 404301526 - -4?
404301533
In base 5, what is 1041433 - -1300004?
2341442
In base 10, what is -486 - 202007?
-202493
In base 9, what is 1280806 - 41?
1280755
In base 3, what is -10122211220000 + 1102?
-10122211211121
In base 6, what is 32350411 - -1?
32350412
In base 15, what is -2005b2 + 1?
-2005b1
In base 9, what is 28 - -515786?
515825
In base 12, what is 843 - 1b8?
647
In base 6, what is -4 - -155223154?
155223150
In base 12, what is 187 + 2b443?
2b60a
In base 7, what is -45536 - 41614?
-120453
In base 10, what is -4881226 + 3?
-4881223
In base 6, what is -12405 + -341422?
-354231
In base 4, what is 100301210 + 1130220?
102032030
In base 10, what is 310 - -16622?
16932
In base 8, what is 17563 + -20550?
-765
In base 5, what is 31330310 + 40?
31330400
In base 12, what is 77 + -45662?
-455a7
In base 16, what is 4 + -47190?
-4718c
In base 11, what is -1137 + -64112?
-65249
In base 7, what is -4042136 + 155?
-4041651
In base 8, what is 46066503 + 0?
46066503
In base 14, what is -100550 - -4?
-10054a
In base 15, what is -74 + 1ada3?
1ad2e
In base 6, what is 512 + 20011343?
20012255
In base 11, what is -15 + -454799?
-454803
In base 15, what is 4 + -995a4c?
-995a48
In base 8, what is -30527 + 3162?
-25345
In base 5, what is -1223 + -21201330?
-21203103
In base 6, what is 3512 - -125004?
132520
In base 3, what is -102100102022200110 + 2?
-102100102022200101
In base 7, what is 1305132 + -22?
1305110
In base 3, what is -210101011102 - -1000?
-210101010102
In base 2, what is 1110010000110111 - -10?
1110010000111001
In base 12, what is -2a9460 - 22?
-2a9482
In base 15, what is -6080cc + 4?
-6080c8
In base 12, what is 2128630 + -22b?
2128401
In base 4, what is -10303 + -103033022?
-103103331
In base 16, what is 1aa2 - f5?
19ad
In base 2, what is -101111101011000010 - -10010001?
-101111101000110001
In base 11, what is -41 - 234286?
-234317
In base 7, what is 356464404 + -5?
356464366
In base 7, what is -1235034 + -211?
-1235245
In base 14, what is 111cd55 + -21?
111cd34
In base 5, what is 1344244 - 114324?
1224420
In base 11, what is -6 + -2929a43?
-2929a49
In base 14, what is da4b - 88b4?
5177
In base 16, what is 1d9 + bd20?
bef9
In base 14, what is 86 + -1a298?
-1a212
In base 4, what is 200132131323 - -3?
200132131332
In base 13, what is 157 - 20791?
-20637
In base 10, what is -181 - -381037?
380856
In base 15, what is 18d - -daa3?
dc41
In base 4, what is 310202111 + 322?
310203033
In base 8, what is -210315 - 7560?
-220075
In base 3, what is -20201000012 + -122220112?
-21100220201
In base 15, what is -3 - -ebb96b?
ebb968
In base 14, what is -25 - 132db7?
-132ddc
In base 11, what is 15 + 1280a132?
1280a147
In base 14, what is -64d - -29698?
29049
In base 5, what is -3123204424111 - -4?
-3123204424102
In base 10, what